m(i) = i**3 - 2*i**2 + 2*i + 1. Let k be m(2). Let f be k - 19 - (-1 + 5). Let s = 21 + f. What is the highest common divisor of 15 and s?
3
Let k(t) = -t**2 + 41*t - 36. Let b be k(39). Calculate the greatest common divisor of 12 and b.
6
Let t(d) = d**2 + 2*d - 74. Let o be t(8). What is the greatest common factor of o and 246?
6
Suppose -6*h + 41 = -343. Calculate the greatest common factor of h and 1216.
64
Let l(o) = 375*o**2 + o + 10. Let r be l(-2). Calculate the highest common divisor of r and 78.
26
Let r = 31 - 11. Let k be (2 + -3)/((-5)/15). Let l be -8 - -65 - -1*k. What is the highest common divisor of r and l?
20
Suppose -14*f = -2*f - 2088. What is the highest common divisor of 58 and f?
58
Suppose -2 = -d - v + 19, 5*d - 95 = 5*v. Calculate the greatest common divisor of d and 175.
5
Let j(q) = 31*q**3 - q**2 + q + 2. Let t be j(2). Suppose -5*h - 48 = -t. What is the highest common divisor of h and 10?
10
Let g = 87 + -73. What is the greatest common factor of 168 and g?
14
Let y = 513 + -488. Calculate the greatest common factor of y and 250.
25
Suppose -4*b + 11 = 3*a, -9 - 4 = -5*b - 4*a. Suppose -2*p - 28 = -100. Suppose -9*j + b*j = -p. Calculate the greatest common factor of 45 and j.
9
Let p = -75 + 79. Let y be p/(-16) - (-69)/4. Calculate the greatest common divisor of 51 and y.
17
Suppose 26 = 2*p - 52. What is the highest common factor of 3 and p?
3
Let h = -27 - -57. Let s(i) = i**3 + 5*i**2 - 4*i. Let r be s(-5). What is the highest common divisor of r and h?
10
Suppose -30*b + 35*b = -15, 4*b = 5*a - 42. What is the highest common divisor of a and 378?
6
Let r(f) = -6*f**2 + 96*f. Let n be r(9). What is the highest common divisor of 63 and n?
63
Suppose 0*l = -4*l + 24. Suppose -c + 0*i - l = -2*i, -9 = 4*c - 3*i. Let o(s) = s**2 + 19. Let x be o(c). What is the greatest common factor of x and 19?
19
Let i = 7 - 3. Let f be (-2)/((-14)/(-4) - i). What is the greatest common factor of f and 2?
2
Let s = -244 + 283. Calculate the greatest common divisor of 429 and s.
39
Suppose 143 = 15*a - 22. Suppose -14*s + a*s = -624. Calculate the greatest common factor of s and 16.
16
Suppose -4*n + 5*r + 0 = 153, r = 4*n + 165. Let v be (-3)/7 - 2958/n. Calculate the highest common factor of 14 and v.
14
Let l be 6 + (-2 - (1 - 8/4)). Suppose 210*w - 217*w + 665 = 0. What is the highest common factor of w and l?
5
Suppose -5*s - 5*n - 26 = -2*s, 5*n = 5*s - 10. Let p be ((-24)/(-18))/(s/(-120)). What is the greatest common divisor of p and 10?
10
Suppose 7 = -4*c - 1. Let r be (45/5 - c)*3. What is the greatest common divisor of 132 and r?
33
Let t = -232 - -289. What is the greatest common divisor of t and 285?
57
Suppose 0 = -2*i + 5*u - 3*u + 506, 3*u = 2*i - 503. Suppose -4*n = -2*n - 64. What is the highest common divisor of n and i?
32
Suppose -70*u = -9*u - 90524. What is the greatest common factor of u and 28?
28
Let t(z) = 26*z**3 - z. Let v be t(1). Suppose 0*f = -f + v. Calculate the highest common factor of f and 125.
25
Suppose 5*b - 16 = -3*r, 0*r + 4*b - 12 = -2*r. What is the highest common divisor of r and 25?
1
Let z = -44 + 140. Let x be -10 - (-2 + 2 - -3). Let p = x - -25. What is the highest common divisor of p and z?
12
Suppose -140 = -9*l - 14. Suppose -4*d - d - 3*f = 140, f = 5*d + 140. Let s = d + 42. What is the highest common factor of s and l?
14
Suppose -3*f = -3*x - 129, 147 = 5*f + 5*x - 38. Suppose -4*j = -25 - 23. Let o be j/(-10)*(-140)/21. Calculate the highest common divisor of o and f.
8
Suppose -13 = -14*r + 15. Suppose 6 - r = 2*s. Calculate the greatest common factor of 38 and s.
2
Let a = 43 - -47. Suppose -6*c = -c - a. What is the greatest common divisor of 45 and c?
9
Let l be 1 - -3*6/6. What is the greatest common divisor of l and 86?
2
Let c be 375*((-32)/(-24))/((-20)/(-12)). Calculate the highest common factor of c and 108.
12
Suppose -468 = -2*x - 0*x + 4*d, -496 = -2*x - 3*d. Let i be (0 + -3)*160/(-12). Let u = -18 + i. Calculate the highest common factor of u and x.
22
Let h = -45 - -133. Let i be 26/130 - 1*(-218)/10. What is the highest common factor of h and i?
22
Let a = -562 - -934. Calculate the highest common divisor of 279 and a.
93
Let w be 116 - ((-44)/(-55))/((-7)/(-35)). Let g(f) = -2*f - 4 - 1 + 4 + 15*f**2. Let c be g(-1). Calculate the greatest common factor of c and w.
16
Suppose 0 = 5*j - 6 - 44. Suppose 0 = 5*f - w - 555, -2*f - 2*w + 225 = -3*w. Calculate the greatest common factor of f and j.
10
Let u(v) = v**3 - 8*v**2 - 17*v - 4. Let l be u(10). Let b be (2 - 3)/((-1)/130). Calculate the highest common factor of b and l.
26
Suppose g = -g + 48. Let q = -28 + 31. Suppose -q*s + 73 = -107. What is the highest common factor of s and g?
12
Let p(w) = w**3 + 3*w**2 - 11*w - 3. Let b be p(-5). Let o be (-2 - 2/b) + 10. What is the highest common divisor of o and 7?
7
Suppose -19*w = -22*w + 45. Suppose -4*v + 28 + 32 = 0. What is the highest common divisor of w and v?
15
Let n be 4/(-9) - (-12345)/135. What is the highest common divisor of n and 56?
7
Let r be 4 + -3 + 3 + 48. Let w be 38/8 - 39/r. Calculate the highest common factor of 2 and w.
2
Let t(p) = -p + 20 + 7 - 8 - p**2. Let y be t(0). Let q be (-1)/(2 - 39/y). What is the greatest common divisor of 152 and q?
19
Let p be 5*(1 - (-1 + -2)). Let j(b) = 0*b**3 + 9*b**3 - 11*b**2 - 10*b**3 + 19 - b. Let o be j(-11). What is the highest common factor of o and p?
10
Let n(q) = q**3 - 5*q**2 + 3*q - 7. Let v be n(5). Suppose -102 - 42 = -v*g. What is the highest common factor of 18 and g?
18
Let a(x) = 1 - 5 + x**2 + 2. Let d = 25 - 21. Let z be a(d). Calculate the greatest common factor of z and 2.
2
Suppose 3*x + 0*x = 75. Let l = x + -17. Let a = -163 - -251. Calculate the greatest common divisor of a and l.
8
Let z(b) = b**3 - 6*b**2 + b. Let v be z(7). Suppose -163 = -5*o - 3*f, -14*f = -4*o - 17*f + 131. What is the greatest common divisor of o and v?
8
Suppose -v = -2*p + 46, -96 = -18*p + 14*p + v. Calculate the greatest common factor of 300 and p.
25
Let f(d) = d**3 + 4*d**2 - 8*d - 7. Let p be f(-5). Let z be 6/(4 + -1) + p. Suppose 0 = -3*t + 5 + z. Calculate the greatest common divisor of t and 35.
5
Let l be 7/((-28)/(-12)) + 181 - 2. What is the greatest common divisor of 52 and l?
26
Let v be 5 + (-61)/3*-3. Let z = 80 - v. Let b = 156 - 2. What is the greatest common divisor of b and z?
14
Let y be 6 - (17 - 2)/(-3). Suppose f - 70 - 7 = 0. What is the greatest common divisor of y and f?
11
Let u = 59 + -37. Suppose 0 = 2*j + 8, -3*j + u - 66 = -2*b. What is the highest common divisor of 48 and b?
16
Let g be ((-196)/(-35))/(2/(-60)). Let w = 413 + g. Calculate the greatest common divisor of w and 35.
35
Suppose -9*x = -8*x - 6. Calculate the greatest common divisor of x and 75.
3
Suppose 4*h - 112 = 128. Calculate the highest common factor of h and 60.
60
Let o(n) = -n**2 - 14*n + 128. Let p be o(6). Suppose 15 = 6*m - m. Suppose 7 - 79 = -m*r. Calculate the highest common divisor of p and r.
8
Suppose 2*t + t = -2*x + 858, -4*t = 2*x - 1146. Suppose 10*v = 2*v + t. Calculate the greatest common factor of 9 and v.
9
Let w be 31 + -18 - (1 + -2 + 0). What is the highest common divisor of 14 and w?
14
Let q = -11 - -37. Let d be 1036/126 + 4/(-18). Let r be (26/d)/((-115)/20 + 6). What is the greatest common factor of r and q?
13
Suppose -s + 26 = w, 2*s - 29 = 4*w - 5*w. Calculate the greatest common divisor of w and 23.
23
Let m be (4032/(-20))/(4/(-20)) - 0. Suppose -7*d + 0*d = -m. What is the highest common divisor of d and 16?
16
Suppose -19 = -3*n + 2*h, -3*n + 0*h = -3*h - 18. What is the highest common factor of 133 and n?
7
Suppose 10 = 2*c, 2*t + 3*c = -90 + 327. Calculate the greatest common factor of 185 and t.
37
Suppose 2*t + q - 7 = 0, 3*q - 4 + 16 = 5*t. Let r = 8 + -5. Suppose -r*z = -3 - t. What is the greatest common factor of 3 and z?
1
Let i = 9 + -6. Suppose -2*h + i*s = -83, 4*s + 19 = h - 30. Suppose 0 = q + 4*c - 8 + 1, -3*q + h = -4*c. What is the greatest common factor of 77 and q?
11
Suppose -5*l - 3 + 13 = 0. Suppose -l*j + j + 2 = 0. Suppose 4*u - 775 = 5*g, -j*u + 420 = -g + 5*g. Calculate the highest common factor of u and 25.
25
Let b(y) = 1 - 94